j.
2, 41
Suppose -2*i = i + 51. Suppose 130 = 5*z + 2*n, 2*z + 2*n - 4*n - 52 = 0. Let o = z + i. What are the prime factors of o?
3
What are the prime factors of ((-14)/(-6))/(315/(-54) + 6)?
2, 7
Let k(l) = 8*l + 9. Suppose 3*o + 7 - 10 = 0. Let w(v) = 3*v**2 - v + 1. Let a be w(o). List the prime factors of k(a).
3, 11
Let a(d) = 6*d**2 + 3*d - 149. What are the prime factors of a(-14)?
5, 197
Let y(g) = -g**2 + 7*g + 7. Let x be y(8). Let p(k) = -214*k**3 - k - 1. What are the prime factors of p(x)?
2, 107
Let p be 56/(-35)*(-5)/2. Suppose -p*w = 86 - 286. Suppose 10*i - w = 5*i. List the prime factors of i.
2, 5
Suppose -3*m + 3*h = -27, -h - 10 = h. Suppose 0 = -3*j - 5*l + 28, -j + 7*l - m = 2*l. What are the prime factors of j?
2, 3
List the prime factors of (-4)/(-30)*1 - 2831136/(-630).
2, 3, 7, 107
Let d = -30 + 24. Let s be (-147)/(-6) - (-3)/d. Let z = s - 11. List the prime factors of z.
13
Let h = 1266 - 754. List the prime factors of h.
2
Suppose -f + 3*f = 0. Let n = 34 + -30. Suppose f = -n*h - 26 + 106. List the prime factors of h.
2, 5
Let x = 34 + -25. Suppose -4*y = -i + x, -i = -y + 2*y - 14. What are the prime factors of i?
13
Let l be -2 + 3/3 - -3. Suppose l*t + 6 = 4*t. Suppose 7 = -2*j - t*a + 21, 0 = 2*j + 4*a - 16. What are the prime factors of j?
2
Let p be 85 - 3 - 3*8/12. List the prime factors of ((-9)/((-108)/p))/(1/9).
2, 3, 5
What are the prime factors of 123128/88 + 3*8/(-132)?
1399
Let g(l) = l - 15. Let i(r) = -14. Let s(t) = -2*g(t) + 3*i(t). Let m be s(-7). Suppose -c = -m - 29. What are the prime factors of c?
31
Let g(q) = 4*q - 4. Let b be g(2). Suppose b*z + 140 = 512. List the prime factors of z.
3, 31
Suppose -18*n + 3*j = -15*n - 792, -4*n + 2*j = -1058. What are the prime factors of n?
5, 53
List the prime factors of (32/20 - 1) + (-81294)/(-85).
3, 11, 29
Let r(d) = d**2 - 3*d + 363. What are the prime factors of r(0)?
3, 11
Suppose 4*h = -y + 6*y + 260, h - 65 = y. Suppose -i + 7*n = 5*n + 46, -3*i = -5*n + 134. Let a = h + i. What are the prime factors of a?
3
Let g = 18 + -13. Suppose -2*d + 65 = -g. List the prime factors of d.
5, 7
Let y = 9 + -15. Let u(b) = -3*b**3 + 17*b**2 + 12*b + 7. Let r(m) = -2*m**3 + 9*m**2 + 6*m + 4. Let h(n) = 5*r(n) - 3*u(n). What are the prime factors of h(y)?
5, 7
Let t(d) = -d**2 - 3*d + 1. Let p be t(-2). Suppose 2*x + 3*x - p*f - 799 = 0, 5*x + 4*f - 778 = 0. List the prime factors of x.
2, 79
Let z(c) = c**3 + 12*c**2 + 11*c + 2. Let t be z(-11). Let q = t - 15. Let r = q + 22. What are the prime factors of r?
3
Let i(m) = m**3 - 2*m**2 - 129. Let b be i(0). Let c = b - -192. Suppose -h = 2*h - c. What are the prime factors of h?
3, 7
Let d(j) = -2*j - 4. Let h be d(-6). Let n(t) = -t**2 + 15*t + 1. Let k be n(h). Suppose -123 = -5*i + k. List the prime factors of i.
2, 3
List the prime factors of (-6)/3*(-10455)/30.
17, 41
Suppose 0 = 3*r + 4*s + 26, 3*s + 3 = -4*r + 4*s. Let p = 12 + r. Suppose p = -5*n + 90. What are the prime factors of n?
2
Let j(k) = 4*k**2 - 3*k - 2. Let u = 12 + -4. Let g = 5 - u. What are the prime factors of j(g)?
43
Let b(v) = -v**2 - 34*v - 18. Let j be b(-18). Suppose -5*d = 2*q - j - 352, -3*d + 370 = -2*q. List the prime factors of d.
2, 31
Suppose 0 = -0*f + 3*f + 3*l - 15, 0 = 3*f + l - 7. Let r be ((-9)/18)/(f/(-110)). List the prime factors of r + 3*4/(-3).
3, 17
Suppose 5*s - 66 = 3*s. Let f = 101 - s. List the prime factors of f.
2, 17
Suppose -4*t - 9 = -3*p, 0*t - 3 = -t - p. Suppose -3*h - 3 + 15 = 0, t = -4*c + 3*h - 192. Let o = c - -93. List the prime factors of o.
2, 3
Let b(x) = -5*x - 13. Let j(c) = c + 1. Let n(q) = -b(q) - 6*j(q). Let g be n(4). Suppose g*r = u + 54, 10 = 4*r - 5*u - 51. What are the prime factors of r?
19
Let w(v) = -v**2 + 3*v. Let c be w(3). Suppose -j + 5*j - 208 = c. Suppose 0 = -4*z + 32 + j. What are the prime factors of z?
3, 7
Suppose -5*b - 3*u - 8301 = -25826, 0 = -5*b - 5*u + 17535. What are the prime factors of b?
2, 17, 103
Let s(x) be the third derivative of -x**4/24 - x**3 - 9*x**2. Let g be s(-13). Let v = g + 6. What are the prime factors of v?
13
Let b(w) be the second derivative of -w**4/6 + 3*w**2 + w. Let i(k) be the first derivative of b(k). List the prime factors of i(-4).
2
What are the prime factors of (-56)/140 + 20301/15?
3, 11, 41
Suppose l = g + 154, -14*l = -10*l - g - 625. Suppose 0 = -5*k + 617 - l. List the prime factors of k.
2, 23
Let g(t) = 7*t - 45. Let b be g(7). Suppose 0 = p - b*p + 258. What are the prime factors of p?
2, 43
Let g = 11 - 44. Let n = g + 89. What are the prime factors of n?
2, 7
Suppose t = -0*t + 302. List the prime factors of t.
2, 151
Let c(x) = 2*x + 37. Let u be c(-16). Suppose 5*j + 475 = u*b, 2*b - j - 103 = 91. What are the prime factors of b?
3, 11
Suppose 3*p + 58 = p. Let w = -18 - p. List the prime factors of w.
11
Suppose 2*l - 4*f = -796, 4*l + 1627 = f - 0*f. Let a = -284 - l. List the prime factors of a.
2, 31
Let u = 10 - 10. Let c be (u + 3 - 1)*-8. Let r = c - -47. List the prime factors of r.
31
Let s = -1019 + 1537. List the prime factors of s.
2, 7, 37
Suppose -3*y = -2*y + 16. Let q = y + 21. Suppose -q*d + 2*l + 196 = 0, 3*d - 4*l - 32 = 80. List the prime factors of d.
2, 5
Let p(n) = -126*n - 66. What are the prime factors of p(-5)?
2, 3, 47
Let r = -31 + 52. What are the prime factors of (7 + r)/(2/3)?
2, 3, 7
Suppose -5*f + 9 = -161. Let b = f + 25. List the prime factors of b.
59
Suppose -2*j + 3*g + 1100 = 335, -4*g - 20 = 0. What are the prime factors of j?
3, 5
What are the prime factors of -21*(202/(-42) + 25/175)?
2, 7
Suppose 0 = -2*j - h + 157, 2*j - 3*h - 121 - 16 = 0. What are the prime factors of j?
2, 19
Let q(j) be the second derivative of j**4/2 + j**3 + 4*j. Let g be q(5). Suppose 6*k - g = k. What are the prime factors of k?
2, 3
Let a(s) = 2*s + 27. Let o be 6 + -3 - 9/(-3). What are the prime factors of a(o)?
3, 13
Let a = 7 - 12. Let t be 1/(-5) + (-6)/a. List the prime factors of (t/2)/((-1)/(-114)).
3, 19
Suppose -2*i = -3*p + i + 1284, -6 = -3*i. List the prime factors of p.
2, 5, 43
Suppose -377 = -2*i - 2*i + 5*r, -4*i - 2*r = -342. List the prime factors of i.
2, 11
Suppose -20 = -5*m, -7*s + 4*s = 2*m - 6566. What are the prime factors of s?
2, 1093
Suppose 0 = -5*s, -s - 2*s = -5*d + 165. Suppose 6*h - 15 = h. Suppose -h*k = -3*b - 27, 7*k - d = 2*k - b. List the prime factors of k.
7
Let b(o) = 8 - 13*o - o**2 + 12*o - 7*o. Let c be b(-8). Let r = 17 - c. What are the prime factors of r?
3
Let m be (1/1)/(2/288). Suppose u = 3*n + 48, 3*u + n - m = -0*n. List the prime factors of u.
2, 3
What are the prime factors of (-878 - (-4 + -1) - 4)/(-1)?
877
Let v(t) be the second derivative of -t**5/20 + 3*t**4/2 + 2*t**3 - 9*t**2 - 15*t - 2. What are the prime factors of v(18)?
2, 3, 11
Let l(o) = -31*o + 34. List the prime factors of l(-16).
2, 5, 53
Suppose -5*i + 620 = -6460. List the prime factors of i.
2, 3, 59
Let t(x) = 36*x + 6. Let a(y) = -35*y - 5. Let l(i) = 3*a(i) + 2*t(i). List the prime factors of l(-3).
2, 3
Suppose -46*b = -43*b + 57. Let n = b - -33. What are the prime factors of n?
2, 7
Let h = 565 + -304. Suppose -4*g + 0*g + h = 3*p, 2*p + 5*g = 181. What are the prime factors of p?
83
Let l(b) = b**2 - b. Let v(u) be the third derivative of -u**5/15 + u**4/3 + u**3 - 2*u**2. Let s(j) = 3*l(j) + v(j). List the prime factors of s(5).
2, 3
Suppose c + 3*c = 2*b + 5888, 2*b = 5*c - 7358. List the prime factors of c.
2, 3, 5, 7
Let l(g) = 7*g + 12. Suppose 2*i = 2*c + 36, i - 2*i = -4*c - 27. What are the prime factors of l(i)?
3, 13
Suppose -5*c = -3*o + 128, 0*c = 3*c + 12. Suppose 9*w - 612 + o = 0. List the prime factors of w.
2
What are the prime factors of 745/((2 - (-55)/(-25))*-5)?
5, 149
Let k(l) = -2*l**2 - 14*l + 3. Let v be k(-7). Suppose 3*h = v*z - 321, h + 430 = 4*z - 2*h. List the prime factors of z.
109
Suppose 8 = d + 3*d. Let t = d - -2. Suppose -u = t*u - 65. List the prime factors of u.
13
Let h be (-1 - -1)/(0 - -2). Suppose 4*j - 2*j + 6 = h. List the prime factors of (-87)/(-3) - (j + 3).
29
Let m(h) = 6 - 2*h**2 - 7*h + 4 - 2*h**2 + 3*h**2. Suppose -4*v - 11 = 21. What are the prime factors of m(v)?
2
Suppose -46222 = -106*w + 95*w. List t